4238 + 4233 - 12705 - 10*k + 4220. Calculate o(-18).
166
Let g be (-6)/(-24)*(-81 + 10) - 3/(-4). Let t(d) = -2*d**3 - 37*d**2 - 49*d + 30. Determine t(g).
-4
Let u(n) be the second derivative of -n**6/120 + n**5/20 + n**4/4 + 2*n**3/3 - 67*n**2/2 - 22*n. Let l(d) be the first derivative of u(d). What is l(5)?
-16
Let l(v) = 3*v - 1. Suppose -6*y = -139 + 25. Suppose -y = -3*q + 5*n + 15, -5*n - 25 = 0. Suppose 12*p - 9*p - q = 0. What is l(p)?
2
Let x(n) = n**3 - n**2 + n + 1. Let b be 3/((-1)/(8 - -63)). Let s = b + 213. Calculate x(s).
1
Let n(r) = 115*r + 6. Let a be n(0). Let l(p) = p**2 + 8*p - 5. Let x(o) = 6*o**2 + 39*o - 26. Let t(f) = -11*l(f) + 2*x(f). Give t(a).
-21
Let f(m) be the third derivative of m**4/24 - m**3/6 - 3*m**2. Suppose 86 + 19 = 7*o. Suppose 147 = 6*b + o*b. Determine f(b).
6
Suppose -46 = 6*h + 51*h - 958. Let v(b) = b**2 - 16*b + 13. Calculate v(h).
13
Let i(h) = -8*h + 45. Let x be (0 + -3)*17/((-85)/10). Calculate i(x).
-3
Let p(i) be the third derivative of 2*i**4/3 + 2*i**3/3 - 34*i**2 - 10. Give p(2).
36
Let i(u) = -1991*u + 684. Let a(q) = 706*q - 228. Let m(b) = -17*a(b) - 6*i(b). Calculate m(-4).
-4
Let r(v) = -v**3 - 11*v**2 + v + 3. Let l(j) = 6*j**3 + 55*j**2 - 6*j - 14. Let a(s) = 2*l(s) + 11*r(s). Let t = -78 - -89. Give a(t).
-6
Suppose -4*x + 3*o = 15, 0 = 69*x - 65*x + 3*o + 9. Let a(s) = 7*s**2 - 7*s - 29. What is a(x)?
55
Let c(a) = -a**2 + 4. Let r be c(0). Suppose 2 + r = d. Let g(b) = 4 - 3*b + b + 2 + 4 - 4. What is g(d)?
-6
Let c = 2423 + -2424. Let b(k) = 2*k - 1. What is b(c)?
-3
Let y(k) = k**3 - k**2 + 4*k. Let f = 2937 + -2934. What is y(f)?
30
Let k(y) be the third derivative of 0 + 0*y + 5/12*y**4 + 1/60*y**5 - 3/2*y**3 - 70*y**2. Calculate k(-11).
2
Let z(t) = -2*t + 13. Suppose -3*l + 23 = -1. Let f(s) = 5*s - 37. Let v(h) = l*z(h) + 3*f(h). Calculate v(-4).
-3
Let a = 0 - 4. Let p be 309/21 - 4 - 2/(-7). Let z(s) = -p*s + 2*s + 2 + 5*s. What is z(a)?
18
Let c(t) be the third derivative of t**5/60 - 3*t**4/8 + 5*t**3/3 + 6*t**2. Let y(p) = 3*p**2 - p - 3. Let u be y(2). Suppose -45 = -u*l + 4. Give c(l).
-4
Let j(h) = h**3 + 15*h**2 + 55*h - 4. Let u(g) = g**3 - 47*g**2 - 375*g + 12. Let n be u(-7). Calculate j(n).
-13
Let i(z) = z**3 - 9*z**2 - 25*z + 274. Let x be i(7). Let a(n) = -17*n + 19. Calculate a(x).
2
Let l(a) = 3*a**2 - 2*a - 118480 + 118478 - 2*a**2. Give l(-3).
13
Let c(s) be the second derivative of s**4/12 + s**3/3 - 7*s**2/2 - 936*s. Determine c(-7).
28
Let m(y) = y + 11. Let k = -10181 - -10173. What is m(k)?
3
Let y(m) = -11*m + 692. Let j be y(62). Let o(z) = -z**2 + 9*z + 3. Give o(j).
-7
Let w(v) be the third derivative of v**5/60 - 19*v**4/24 + 7*v**3/3 - 2136*v**2. What is w(19)?
14
Let w(v) = v + 4. Let t be w(-3). Let k = -113 + 137. Let o(m) = 25*m - 7 - k*m + 6. Give o(t).
0
Let m(f) = 67*f**3 + 3*f**2 + f - 1. Let w be 5/(-20)*200/50. Give m(w).
-66
Let i be (-3)/90*-3 + (-1617)/770. Let w(k) be the first derivative of -4*k**3/3 + k**2/2 + k - 4. Determine w(i).
-17
Let f(c) be the first derivative of 54*c**2 - 8*c - 6987. What is f(0)?
-8
Suppose 0 = j - 49 + 51. Let o(n) = 3225*n + 0 + 3 - 3216*n. Determine o(j).
-15
Let x(j) = -5*j**2 + 2*j. Let v(b) = 51*b**2 - 21*b. Let z(d) = -2*v(d) - 21*x(d). Let h(l) = 2*l + 24. Let a be h(-13). Give z(a).
12
Let k(f) = 3*f**2 + 9*f - 17. Let i(w) = -w**2 - 3*w + 6. Let q(x) = -2*x**2 + 4*x - 7. Let r be q(2). Let n(l) = r*i(l) - 2*k(l). Calculate n(-6).
10
Let d(a) = 2006 - 5*a**2 - a**3 + 4*a**2 - a**2 - 2008 + 2*a. Let r = -78 - -75. Give d(r).
1
Let m be ((-32)/6)/(64/(-12) + 6). Let g(p) = 2*p - 12. What is g(m)?
-28
Suppose -160 - 106 = 19*w. Let y(c) = -4 - c - 1 - 2 - 3. Determine y(w).
4
Let s(x) = -5*x - 3. Let m = -2896 + 2899. Give s(m).
-18
Suppose -2*j + 14*i - 40 = 10*i, -5*j - 4*i = -26. Let u(c) = c**3 + 1 + 3*c**2 + 3*c + 1 + 1. Calculate u(j).
1
Let z(p) = -2 + 5*p**2 - 4*p**2 + 4 - 10*p. Suppose 21*i = 213 + 18. Determine z(i).
13
Let l(g) = -37*g + 8*g - 26 + 23*g + 3*g. What is l(4)?
-38
Suppose 0 = 2*s + s - 15. Suppose -5*d + 4*y + 3540 = 0, -2*d + 0*d + s*y = -1433. Let x(w) = -7*w - 704 + d. What is x(2)?
-14
Let r = -13 + 17. Suppose -4*v + r*v = -2*v. Let c(p) = p - 4*p + 5*p - 5 - p. Determine c(v).
-5
Let a(x) be the first derivative of -3*x**2/2 - 6*x + 539. Determine a(-4).
6
Suppose 3*q - 4 - 20 = 0. Let p(h) be the second derivative of h**3/6 - h**2 - 27*h - 3. Give p(q).
6
Let a(g) = -g - 1. Let v(f) = -2. Let k(n) = 2*a(n) - 3*v(n). Suppose 85 = 2*s + 3*s - 5*r, 2*r = -4*s + 56. Suppose 4*z = 1 + s. Determine k(z).
-4
Let h(g) = g**3 + 3*g**2 - 12*g + 1. Let b(m) = 2*m**3 - 44*m**2 - 43*m - 75. Let k be b(23). Give h(k).
-35
Let c be (-2)/((-8)/(-22))*2. Let u = 13 + c. Let o(w) = 5*w**3 - w**2 - 1211*w - w**2 - 4*w**3 + 1210*w + 2 - 4. Give o(u).
-4
Let v be 14/(-4)*112/(-5 - 2). Let m be v/42*15/2. Let x(g) = g**2 - 14*g + 7. What is x(m)?
-33
Suppose -4*d + 5*x - 1 + 6 = 0, 2*x = -5*d + 31. Let q(z) = -7*z**2 - 10*z + 23*z**3 - d + 12*z**3 - 34*z**3. Give q(8).
-21
Suppose 3*d - 2 = -2*m + d, 4*d + 41 = 5*m. Let c(q) = 4*q - 6. Let l(t) = 5*t - 6. Let h = -31 + 29. Let k(g) = h*l(g) + 3*c(g). What is k(m)?
4
Let z(f) = f**3 + 11*f**2 - 29*f - 12. Suppose 66*y - 24*y - 35*y + 91 = 0. Give z(y).
27
Let s(g) = g**3 + 7*g**2 - 7*g + 3. Let i(y) = -3*y**2 - 65*y + 42. Let v be i(-22). Suppose c + v*c + 168 = 0. What is s(c)?
-5
Let r be 20/4 - 21/7. Let z(l) = 6*l**2 - 10*l**2 - 4*l + 3*l**r. Give z(-2).
4
Suppose n + 2*r = 8040, -17856 - 6272 = -3*n - 4*r. Let x(h) = -3*h - 8058 + 2*h + n. Determine x(-5).
-5
Let i(a) = -139*a**2 + 59*a + 112. Let c(r) = -56*r**2 + 29*r + 56. Let p(x) = 5*c(x) - 2*i(x). Calculate p(15).
11
Let p(a) = -a**2 - a - 1. Let u(f) = -4*f**2 + 3*f - 4. Let h(q) = -3*p(q) + u(q). Let n(t) = -t**3 - 50*t**2 + 340*t + 231. Let s be n(-56). Give h(s).
-8
Let q(p) = p**2 - p - 11. Suppose -13*x - 18 - 14 = 7. What is q(x)?
1
Let u be 1 + -1 - (-3 - -3). Let s(l) = -l**3 - 7*l**2 + 4*l + 4. Let h(f) = -f**3 - 9*f**2 + 5*f + 3. Let x(r) = 3*h(r) - 4*s(r). Calculate x(u).
-7
Let t(i) = i + 5. Let m be t(-2). Suppose 0 = 11*n - 2*n. Suppose 7 = -m*g + 2*x - 6*x, -5*x - 5 = n. Let y(p) = 3*p**2 + 2*p + 1. Give y(g).
2
Suppose 42 = -23*o + 30*o. Suppose -27*g - o = -28*g. Let a(m) be the second derivative of m**4/12 - 7*m**3/6 + 9*m**2/2 + m. Calculate a(g).
3
Let w(a) = -a**3 - 7*a**2 - 5*a. Suppose 13 = -2*y - 9*g, 2*g - 13 = 5*y + 5*g. Give w(y).
-10
Let h(a) = a**3 + a**2 + a + 67. Suppose -11*w = 13*w - w. Give h(w).
67
Let v(i) be the second derivative of -i**3 + i**2/2 + 3*i - 20. Suppose -478 + 370 = -12*r. Give v(r).
-53
Suppose 0 = -t - t - 4*t. Let j(f) be the first derivative of f**2/2 + 31*f + 749. Calculate j(t).
31
Let g(y) = 2*y**2 - 4*y - 22. Let b(p) = 11*p**2 - 26*p - 109. Let a(l) = 3*b(l) - 16*g(l). Calculate a(12).
1
Suppose 6*r + 1547 = 13*r. Let z = r + -226. Let s(x) = -x - 8. Determine s(z).
-3
Let o(w) = 54*w + 55. Let y(d) = -31. Let i(t) = o(t) + 2*y(t). What is i(0)?
-7
Let c(a) = -a**2 + 3*a. Suppose -w + 0*w + 2*f = 36, 2*w - 5*f + 73 = 0. Let g = w + 36. Let i(p) = p**2 - 3*p + 5. Let b be i(g). Determine c(b).
0
Suppose 42 - 116 = -q. Let m = q + -56. Let d(j) = -m*j - 15*j + 32*j. Calculate d(-4).
4
Suppose -10 = 8*c - 58. Let i(d) = -9 - 11*d**2 + c + d - 10*d + 6 - d**3. What is i(-10)?
-7
Suppose 2*v - 50 + 7 = 3*i, 4*i + 50 = -v. Let y(d) = -17*d - 41. Let c(t) = -8*t - 19. Let f(w) = i*c(w) + 6*y(w). Calculate f(-4).
-7
Let l(c) be the second derivative of c**4/12 - 3*c**3 - 9*c**2/2 - 36*c - 3. Calculate l(13).
-74
Let o(b) = -3*b**2 + 3*b - 2. Let j be ((-156)/16)/3 - 31/(-124). What is o(j)?
-38
Suppose 4*v - 14 = -0*q + 3*q, 20 = 4*v. Let l(g) = 3554*g - 1717*g - 1842*g + 2. What is l(q)?
-8
Suppose -7*y - 5*y = -24. Let f(v) = y*v + 0*v**3 + 5 + 0*v - v + 3*v**2 - v**3 + v**2. Calculate f(5).
-15
Let z = -28611 + 28615. Let x(o) = -2*o**2 + 4*o + 5. What is x(z)?
-11
Let m = 2 - 1. Let r(d) = d**2 - 44*d + 160. Let s be r(40). Let v(g) = 3*g - 5*g + s*g + g - 1. Give v(m).
-2
Let d(m) = -m**3 - 15*m**2 + 33*m - 19. Let q be -20 + ((-3)/(-6))/(5/30). Give d(q).
-2
Let a(x) be the third derivative of 5*x**4/12 + 3*